CRAN Package Check Results for Package brickr

Last updated on 2022-05-25 19:52:50 CEST.

Flavor Version Tinstall Tcheck Ttotal Status Flags
r-devel-linux-x86_64-debian-clang 0.3.5 7.53 0.02 7.55 FAIL
r-devel-linux-x86_64-debian-gcc 0.3.5 5.38 0.02 5.40 FAIL
r-devel-linux-x86_64-fedora-clang 0.3.5 2021.05 ERROR
r-devel-linux-x86_64-fedora-gcc 0.3.5 1844.77 ERROR
r-devel-windows-x86_64 0.3.5 28.00 1616.00 1644.00 ERROR
r-patched-linux-x86_64 0.3.5 6.14 0.03 6.17 FAIL
r-release-linux-x86_64 0.3.5 FAIL
r-release-macos-arm64 0.3.5 182.00 NOTE
r-release-macos-x86_64 0.3.5 587.00 NOTE
r-release-windows-x86_64 0.3.5 24.00 1561.00 1585.00 ERROR
r-oldrel-macos-arm64 0.3.5 247.00 NOTE
r-oldrel-macos-x86_64 0.3.5 435.00 NOTE
r-oldrel-windows-ix86+x86_64 0.3.5 16.00 771.00 787.00 OK

Additional issues

M1mac

Check Details

Version: 0.3.5
Check: re-building of vignette outputs
Result: FAIL
Flavors: r-devel-linux-x86_64-debian-clang, r-devel-linux-x86_64-debian-gcc, r-patched-linux-x86_64, r-release-linux-x86_64

Version: 0.3.5
Check: dependencies in R code
Result: NOTE
    Namespace in Imports field not imported from: ‘scales’
     All declared Imports should be used.
Flavors: r-devel-linux-x86_64-fedora-clang, r-devel-linux-x86_64-fedora-gcc, r-release-macos-arm64, r-release-macos-x86_64, r-oldrel-macos-arm64, r-oldrel-macos-x86_64

Version: 0.3.5
Check: re-building of vignette outputs
Result: ERROR
    Error(s) in re-building vignettes:
    --- re-building ‘models-from-other.Rmd’ using rmarkdown
    trying URL 'http://ryantimpe.com/files/mf_unicorn.PNG'
    Content type 'image/png' length 277758 bytes (271 KB)
    ==================================================
    downloaded 271 KB
    
    Error: processing vignette 'models-from-other.Rmd' failed with diagnostics:
    Chromote: timed out waiting for response to command Page.disable
    --- failed re-building ‘models-from-other.Rmd’
    
    --- re-building ‘models-from-program.Rmd’ using rmarkdown
    --- finished re-building ‘models-from-program.Rmd’
    
    --- re-building ‘models-from-tables.Rmd’ using rmarkdown
    --- finished re-building ‘models-from-tables.Rmd’
    
    --- re-building ‘models-piece-type.Rmd’ using rmarkdown
    --- finished re-building ‘models-piece-type.Rmd’
    
    --- re-building ‘mosaics.Rmd’ using rmarkdown
    trying URL 'http://ryantimpe.com/files/mf_unicorn.PNG'
    Content type 'image/png' length 277758 bytes (271 KB)
    ==================================================
    downloaded 271 KB
    
    --- finished re-building ‘mosaics.Rmd’
    
    SUMMARY: processing the following file failed:
     ‘models-from-other.Rmd’
    
    Error: Vignette re-building failed.
    Execution halted
Flavors: r-devel-linux-x86_64-fedora-clang, r-devel-linux-x86_64-fedora-gcc

Version: 0.3.5
Check: for detritus in the temp directory
Result: NOTE
    Found the following files/directories:
     ‘Crashpad’
Flavors: r-devel-linux-x86_64-fedora-clang, r-devel-linux-x86_64-fedora-gcc

Version: 0.3.5
Check: re-building of vignette outputs
Result: ERROR
    Error(s) in re-building vignettes:
    --- re-building 'models-from-other.Rmd' using rmarkdown
    trying URL 'http://ryantimpe.com/files/mf_unicorn.PNG'
    Content type 'image/png' length 277758 bytes (271 KB)
    ==================================================
    downloaded 271 KB
    
    Error: processing vignette 'models-from-other.Rmd' failed with diagnostics:
    Invalid path to Chrome
    --- failed re-building 'models-from-other.Rmd'
    
    --- re-building 'models-from-program.Rmd' using rmarkdown
    --- finished re-building 'models-from-program.Rmd'
    
    --- re-building 'models-from-tables.Rmd' using rmarkdown
    --- finished re-building 'models-from-tables.Rmd'
    
    --- re-building 'models-piece-type.Rmd' using rmarkdown
    --- finished re-building 'models-piece-type.Rmd'
    
    --- re-building 'mosaics.Rmd' using rmarkdown
    trying URL 'http://ryantimpe.com/files/mf_unicorn.PNG'
    Content type 'image/png' length 277758 bytes (271 KB)
    ==================================================
    downloaded 271 KB
    
    --- finished re-building 'mosaics.Rmd'
    
    SUMMARY: processing the following file failed:
     'models-from-other.Rmd'
    
    Error: Vignette re-building failed.
    Execution halted
Flavors: r-devel-windows-x86_64, r-release-windows-x86_64