CRAN Package Check Results for Package broom.helpers

Last updated on 2022-01-24 06:48:45 CET.

Flavor Version Tinstall Tcheck Ttotal Status Flags
r-devel-linux-x86_64-debian-clang 1.6.0 7.52 352.84 360.36 OK
r-devel-linux-x86_64-debian-gcc 1.6.0 6.02 264.11 270.13 OK
r-devel-linux-x86_64-fedora-clang 1.6.0 431.01 OK
r-devel-linux-x86_64-fedora-gcc 1.6.0 308.67 OK
r-devel-windows-x86_64-new-UL 1.6.0 146.00 376.00 522.00 OK
r-devel-windows-x86_64-new-TK 1.6.0 ERROR
r-patched-linux-x86_64 1.6.0 9.37 335.43 344.80 OK
r-release-linux-x86_64 1.6.0 5.84 328.77 334.61 OK
r-release-macos-arm64 1.6.0 OK
r-release-macos-x86_64 1.6.0 OK
r-release-windows-ix86+x86_64 1.6.0 17.00 392.00 409.00 OK
r-oldrel-macos-x86_64 1.5.0 OK
r-oldrel-windows-ix86+x86_64 1.6.0 18.00 428.00 446.00 OK

Check Details

Version: 1.6.0
Check: package dependencies
Result: NOTE
    Packages suggested but not available for checking:
     'glmmTMB', 'lme4', 'rstanarm'
Flavor: r-devel-windows-x86_64-new-TK

Version: 1.6.0
Check: Rd cross-references
Result: NOTE
    Package unavailable to check Rd xrefs: 'glmmTMB'
Flavor: r-devel-windows-x86_64-new-TK

Version: 1.6.0
Check: tests
Result: ERROR
     Running 'spelling.R'
     Running 'testthat.R'
    Running the tests in 'tests/testthat.R' failed.
    Complete output:
     > library(testthat)
     > library(broom.helpers)
    
     Attaching package: 'broom.helpers'
    
     The following object is masked from 'package:testthat':
    
     matches
    
     >
     > test_check("broom.helpers")
     # weights: 15 (8 variable)
     initial value 207.637723
     iter 10 value 168.608572
     final value 168.587348
     converged
     # weights: 15 (8 variable)
     initial value 207.637723
     iter 10 value 168.608572
     final value 168.587348
     converged
     [ FAIL 1 | WARN 0 | SKIP 44 | PASS 470 ]
    
     ══ Skipped tests ═══════════════════════════════════════════════════════════════
     • On CRAN (42)
     • glmmTMB cannot be loaded (2)
    
     ══ Failed tests ════════════════════════════════════════════════════════════════
     ── Error (test-add_header_rows.R:223:3): tidy_add_header_rows() and mixed model ──
     <packageNotFoundError/error/condition>
     Error in `loadNamespace(x)`: there is no package called 'lme4'
     Backtrace:
     █
     1. └─base::loadNamespace(x) test-add_header_rows.R:223:2
     2. └─base::withRestarts(stop(cond), retry_loadNamespace = function() NULL)
     3. └─base:::withOneRestart(expr, restarts[[1L]])
     4. └─base:::doWithOneRestart(return(expr), restart)
    
     [ FAIL 1 | WARN 0 | SKIP 44 | PASS 470 ]
     Error: Test failures
     Execution halted
Flavor: r-devel-windows-x86_64-new-TK