CRAN Package Check Results for Package bsam

Last updated on 2022-09-30 17:50:23 CEST.

Flavor Version Tinstall Tcheck Ttotal Status Flags
r-devel-linux-x86_64-debian-clang 1.1.3 12.95 112.35 125.30 OK
r-devel-linux-x86_64-debian-gcc 1.1.3 10.61 82.06 92.67 OK
r-devel-linux-x86_64-fedora-clang 1.1.3 171.62 NOTE
r-devel-linux-x86_64-fedora-gcc 1.1.3 153.50 NOTE
r-devel-windows-x86_64 1.1.3 18.00 128.00 146.00 OK
r-patched-linux-x86_64 1.1.3 13.11 103.21 116.32 OK
r-release-linux-x86_64 1.1.3 12.94 104.79 117.73 OK
r-release-macos-arm64 1.1.3 52.00 NOTE
r-release-macos-x86_64 1.1.3 63.00 NOTE
r-release-windows-x86_64 1.1.3 18.00 129.00 147.00 OK
r-oldrel-macos-arm64 1.1.3 36.00 NOTE
r-oldrel-macos-x86_64 1.1.3 73.00 NOTE
r-oldrel-windows-ix86+x86_64 1.1.3 29.00 126.00 155.00 OK

Check Details

Version: 1.1.3
Check: dependencies in R code
Result: NOTE
    Namespaces in Imports field not imported from:
     ‘rworldxtra’ ‘sp’
     All declared Imports should be used.
Flavors: r-devel-linux-x86_64-fedora-clang, r-devel-linux-x86_64-fedora-gcc, r-release-macos-arm64, r-release-macos-x86_64, r-oldrel-macos-arm64, r-oldrel-macos-x86_64