CRAN Package Check Results for Package bssn

Last updated on 2022-05-17 05:52:42 CEST.

Flavor Version Tinstall Tcheck Ttotal Status Flags
r-devel-linux-x86_64-debian-clang 1.0 9.71 82.32 92.03 OK
r-devel-linux-x86_64-debian-gcc 1.0 7.98 60.78 68.76 OK
r-devel-linux-x86_64-fedora-clang 1.0 107.82 NOTE
r-devel-linux-x86_64-fedora-gcc 1.0 105.52 NOTE
r-devel-windows-x86_64 1.0 17.00 92.00 109.00 OK
r-patched-linux-x86_64 1.0 10.34 79.63 89.97 OK
r-release-linux-x86_64 1.0 7.71 78.73 86.44 OK
r-release-macos-arm64 1.0 33.00 NOTE
r-release-macos-x86_64 1.0 60.00 NOTE
r-release-windows-x86_64 1.0 20.00 94.00 114.00 OK
r-oldrel-macos-arm64 1.0 36.00 NOTE
r-oldrel-macos-x86_64 1.0 44.00 NOTE
r-oldrel-windows-ix86+x86_64 1.0 22.00 91.00 113.00 OK

Check Details

Version: 1.0
Check: dependencies in R code
Result: NOTE
    Namespaces in Imports field not imported from:
     ‘mvtnorm’ ‘ssmn’
     All declared Imports should be used.
Flavors: r-devel-linux-x86_64-fedora-clang, r-devel-linux-x86_64-fedora-gcc, r-release-macos-arm64, r-release-macos-x86_64, r-oldrel-macos-arm64, r-oldrel-macos-x86_64