Last updated on 2022-05-27 03:54:41 CEST.
Flavor | Version | Tinstall | Tcheck | Ttotal | Status | Flags |
---|---|---|---|---|---|---|
r-devel-linux-x86_64-debian-clang | 1.0.7 | 3.72 | 51.08 | 54.80 | OK | |
r-devel-linux-x86_64-debian-gcc | 1.0.7 | 2.75 | 37.86 | 40.61 | OK | |
r-devel-linux-x86_64-fedora-clang | 1.0.7 | 63.04 | NOTE | |||
r-devel-linux-x86_64-fedora-gcc | 1.0.7 | 61.64 | OK | |||
r-devel-windows-x86_64 | 1.0.7 | 11.00 | 64.00 | 75.00 | OK | |
r-patched-linux-x86_64 | 1.0.7 | 3.83 | 47.43 | 51.26 | OK | |
r-release-linux-x86_64 | 1.0.7 | 3.59 | 47.60 | 51.19 | OK | |
r-release-macos-arm64 | 1.0.7 | 20.00 | OK | |||
r-release-macos-x86_64 | 1.0.7 | 30.00 | OK | |||
r-release-windows-x86_64 | 1.0.7 | 16.00 | 68.00 | 84.00 | OK | |
r-oldrel-macos-arm64 | 1.0.7 | 18.00 | OK | |||
r-oldrel-macos-x86_64 | 1.0.7 | 32.00 | OK | |||
r-oldrel-windows-ix86+x86_64 | 1.0.7 | 10.00 | 64.00 | 74.00 | OK |
Version: 1.0.7
Check: Rd cross-references
Result: NOTE
Undeclared package ‘mitools’ in Rd xrefs
Flavor: r-devel-linux-x86_64-fedora-clang