Last updated on 2022-05-22 02:48:58 CEST.
Flavor | Version | Tinstall | Tcheck | Ttotal | Status | Flags |
---|---|---|---|---|---|---|
r-devel-linux-x86_64-debian-clang | 0.4.4 | 10.15 | 113.59 | 123.74 | NOTE | |
r-devel-linux-x86_64-debian-gcc | 0.4.4 | 8.17 | 83.20 | 91.37 | NOTE | |
r-devel-linux-x86_64-fedora-clang | 0.4.4 | 145.86 | NOTE | |||
r-devel-linux-x86_64-fedora-gcc | 0.4.4 | 143.03 | NOTE | |||
r-devel-windows-x86_64 | 0.4.4 | 53.00 | 121.00 | 174.00 | NOTE | |
r-patched-linux-x86_64 | 0.4.4 | 11.61 | 103.66 | 115.27 | NOTE | |
r-release-linux-x86_64 | 0.4.4 | 10.33 | 103.93 | 114.26 | NOTE | |
r-release-macos-arm64 | 0.4.4 | 41.00 | NOTE | |||
r-release-macos-x86_64 | 0.4.4 | 85.00 | NOTE | |||
r-release-windows-x86_64 | 0.4.4 | 53.00 | 123.00 | 176.00 | NOTE | |
r-oldrel-macos-arm64 | 0.4.4 | 50.00 | NOTE | |||
r-oldrel-macos-x86_64 | 0.4.4 | 59.00 | NOTE | |||
r-oldrel-windows-ix86+x86_64 | 0.4.4 | 29.00 | 118.00 | 147.00 | NOTE |
Version: 0.4.4
Check: LazyData
Result: NOTE
'LazyData' is specified without a 'data' directory
Flavors: r-devel-linux-x86_64-debian-clang, r-devel-linux-x86_64-debian-gcc, r-devel-linux-x86_64-fedora-clang, r-devel-linux-x86_64-fedora-gcc, r-devel-windows-x86_64, r-patched-linux-x86_64, r-release-linux-x86_64, r-release-macos-arm64, r-release-macos-x86_64, r-release-windows-x86_64, r-oldrel-macos-arm64, r-oldrel-macos-x86_64, r-oldrel-windows-ix86+x86_64