CRAN Package Check Results for Package bvartools

Last updated on 2022-05-24 06:50:36 CEST.

Flavor Version Tinstall Tcheck Ttotal Status Flags
r-devel-linux-x86_64-debian-clang 0.2.1 390.35 222.62 612.97 OK
r-devel-linux-x86_64-debian-gcc 0.2.1 328.85 168.67 497.52 OK
r-devel-linux-x86_64-fedora-clang 0.2.1 867.98 NOTE
r-devel-linux-x86_64-fedora-gcc 0.2.1 803.52 OK
r-devel-windows-x86_64 0.2.1 299.00 259.00 558.00 OK
r-patched-linux-x86_64 0.2.1 338.06 217.09 555.15 OK
r-release-linux-x86_64 0.2.1 OK
r-release-macos-arm64 0.2.1 224.00 NOTE
r-release-macos-x86_64 0.2.1 273.00 NOTE
r-release-windows-x86_64 0.2.1 289.00 265.00 554.00 OK
r-oldrel-macos-arm64 0.2.1 192.00 NOTE
r-oldrel-macos-x86_64 0.2.1 282.00 NOTE
r-oldrel-windows-ix86+x86_64 0.2.1 876.00 285.00 1161.00 NOTE

Check Details

Version: 0.2.1
Check: installed package size
Result: NOTE
     installed size is 18.4Mb
     sub-directories of 1Mb or more:
     libs 16.9Mb
Flavors: r-devel-linux-x86_64-fedora-clang, r-release-macos-arm64, r-release-macos-x86_64, r-oldrel-macos-arm64, r-oldrel-macos-x86_64, r-oldrel-windows-ix86+x86_64