CRAN Package Check Results for Package c2c

Last updated on 2022-05-21 19:51:37 CEST.

Flavor Version Tinstall Tcheck Ttotal Status Flags
r-devel-linux-x86_64-debian-clang 0.1.0 2.35 32.99 35.34 NOTE
r-devel-linux-x86_64-debian-gcc 0.1.0 1.79 25.99 27.78 NOTE
r-devel-linux-x86_64-fedora-clang 0.1.0 43.24 NOTE
r-devel-linux-x86_64-fedora-gcc 0.1.0 41.80 NOTE
r-devel-windows-x86_64 0.1.0 15.00 53.00 68.00 NOTE
r-patched-linux-x86_64 0.1.0 2.40 32.43 34.83 NOTE
r-release-linux-x86_64 0.1.0 2.30 32.46 34.76 NOTE
r-release-macos-arm64 0.1.0 17.00 NOTE
r-release-macos-x86_64 0.1.0 23.00 NOTE
r-release-windows-x86_64 0.1.0 15.00 52.00 67.00 NOTE
r-oldrel-macos-arm64 0.1.0 24.00 NOTE
r-oldrel-macos-x86_64 0.1.0 27.00 NOTE
r-oldrel-windows-ix86+x86_64 0.1.0 6.00 44.00 50.00 NOTE

Check Details

Version: 0.1.0
Check: LazyData
Result: NOTE
     'LazyData' is specified without a 'data' directory
Flavors: r-devel-linux-x86_64-debian-clang, r-devel-linux-x86_64-debian-gcc, r-devel-linux-x86_64-fedora-clang, r-devel-linux-x86_64-fedora-gcc, r-devel-windows-x86_64, r-patched-linux-x86_64, r-release-linux-x86_64, r-release-macos-arm64, r-release-macos-x86_64, r-release-windows-x86_64, r-oldrel-macos-arm64, r-oldrel-macos-x86_64, r-oldrel-windows-ix86+x86_64