CRAN Package Check Results for Package c3

Last updated on 2022-05-17 16:54:23 CEST.

Flavor Version Tinstall Tcheck Ttotal Status Flags
r-devel-linux-x86_64-debian-clang 0.3.0 6.65 81.89 88.54 NOTE
r-devel-linux-x86_64-debian-gcc 0.3.0 5.42 59.84 65.26 NOTE
r-devel-linux-x86_64-fedora-clang 0.3.0 106.65 NOTE
r-devel-linux-x86_64-fedora-gcc 0.3.0 101.05 NOTE
r-devel-windows-x86_64 0.3.0 26.00 101.00 127.00 NOTE
r-patched-linux-x86_64 0.3.0 6.95 75.93 82.88 NOTE
r-release-linux-x86_64 0.3.0 5.35 74.83 80.18 NOTE
r-release-macos-arm64 0.3.0 32.00 NOTE
r-release-macos-x86_64 0.3.0 62.00 NOTE
r-release-windows-x86_64 0.3.0 30.00 104.00 134.00 NOTE
r-oldrel-macos-arm64 0.3.0 285.00 NOTE
r-oldrel-macos-x86_64 0.3.0 57.00 NOTE
r-oldrel-windows-ix86+x86_64 0.3.0 18.00 95.00 113.00 NOTE

Check Details

Version: 0.3.0
Check: LazyData
Result: NOTE
     'LazyData' is specified without a 'data' directory
Flavors: r-devel-linux-x86_64-debian-clang, r-devel-linux-x86_64-debian-gcc, r-devel-linux-x86_64-fedora-clang, r-devel-linux-x86_64-fedora-gcc, r-devel-windows-x86_64, r-patched-linux-x86_64, r-release-linux-x86_64, r-release-macos-arm64, r-release-macos-x86_64, r-release-windows-x86_64, r-oldrel-macos-arm64, r-oldrel-macos-x86_64, r-oldrel-windows-ix86+x86_64