Last updated on 2022-05-24 13:50:17 CEST.
Flavor | Version | Tinstall | Tcheck | Ttotal | Status | Flags |
---|---|---|---|---|---|---|
r-devel-linux-x86_64-debian-clang | 1.3.2 | 82.71 | 587.40 | 670.11 | OK | |
r-devel-linux-x86_64-debian-gcc | 1.3.2 | 63.34 | 357.18 | 420.52 | OK | |
r-devel-linux-x86_64-fedora-clang | 1.3.2 | 699.23 | OK | |||
r-devel-linux-x86_64-fedora-gcc | 1.3.2 | 604.97 | OK | |||
r-devel-windows-x86_64 | 1.3.2 | 75.00 | 450.00 | 525.00 | OK | |
r-patched-linux-x86_64 | 1.3.2 | 66.91 | 456.20 | 523.11 | OK | |
r-release-linux-x86_64 | 1.3.2 | OK | ||||
r-release-macos-arm64 | 1.3.2 | 239.00 | NOTE | |||
r-release-macos-x86_64 | 1.3.2 | 225.00 | OK | |||
r-release-windows-x86_64 | 1.3.2 | 72.00 | 454.00 | 526.00 | OK | |
r-oldrel-macos-arm64 | 1.3.2 | 221.00 | NOTE | |||
r-oldrel-macos-x86_64 | 1.3.2 | 228.00 | OK | |||
r-oldrel-windows-ix86+x86_64 | 1.3.2 | 204.00 | 490.00 | 694.00 | OK |
Version: 1.3.2
Check: installed package size
Result: NOTE
installed size is 5.1Mb
sub-directories of 1Mb or more:
libs 4.9Mb
Flavors: r-release-macos-arm64, r-oldrel-macos-arm64