CRAN Package Check Results for Package caRecall

Last updated on 2022-05-21 22:58:10 CEST.

Flavor Version Tinstall Tcheck Ttotal Status Flags
r-devel-linux-x86_64-debian-clang 0.1.0 2.02 37.81 39.83 NOTE
r-devel-linux-x86_64-debian-gcc 0.1.0 1.95 28.77 30.72 NOTE
r-devel-linux-x86_64-fedora-clang 0.1.0 47.38 NOTE
r-devel-linux-x86_64-fedora-gcc 0.1.0 46.32 NOTE
r-devel-windows-x86_64 0.1.0 17.00 55.00 72.00 NOTE
r-patched-linux-x86_64 0.1.0 2.48 35.65 38.13 NOTE
r-release-linux-x86_64 0.1.0 2.39 35.04 37.43 NOTE
r-release-macos-arm64 0.1.0 17.00 NOTE
r-release-macos-x86_64 0.1.0 30.00 NOTE
r-release-windows-x86_64 0.1.0 20.00 62.00 82.00 NOTE
r-oldrel-macos-arm64 0.1.0 24.00 NOTE
r-oldrel-macos-x86_64 0.1.0 1803.00 NOTE
r-oldrel-windows-ix86+x86_64 0.1.0 6.00 51.00 57.00 NOTE

Check Details

Version: 0.1.0
Check: LazyData
Result: NOTE
     'LazyData' is specified without a 'data' directory
Flavors: r-devel-linux-x86_64-debian-clang, r-devel-linux-x86_64-debian-gcc, r-devel-linux-x86_64-fedora-clang, r-devel-linux-x86_64-fedora-gcc, r-devel-windows-x86_64, r-patched-linux-x86_64, r-release-linux-x86_64, r-release-macos-arm64, r-release-macos-x86_64, r-release-windows-x86_64, r-oldrel-macos-arm64, r-oldrel-macos-x86_64, r-oldrel-windows-ix86+x86_64