CRAN Package Check Results for Package calpassapi

Last updated on 2022-05-22 04:49:08 CEST.

Flavor Version Tinstall Tcheck Ttotal Status Flags
r-devel-linux-x86_64-debian-clang 0.0.3 5.14 62.01 67.15 NOTE
r-devel-linux-x86_64-debian-gcc 0.0.3 3.41 46.02 49.43 NOTE
r-devel-linux-x86_64-fedora-clang 0.0.3 78.13 NOTE
r-devel-linux-x86_64-fedora-gcc 0.0.3 75.74 NOTE
r-devel-windows-x86_64 0.0.3 12.00 77.00 89.00 NOTE
r-patched-linux-x86_64 0.0.3 5.15 56.86 62.01 NOTE
r-release-linux-x86_64 0.0.3 4.22 57.21 61.43 NOTE
r-release-macos-arm64 0.0.3 24.00 NOTE
r-release-macos-x86_64 0.0.3 43.00 NOTE
r-release-windows-x86_64 0.0.3 17.00 80.00 97.00 NOTE
r-oldrel-macos-arm64 0.0.3 31.00 NOTE
r-oldrel-macos-x86_64 0.0.3 39.00 NOTE
r-oldrel-windows-ix86+x86_64 0.0.3 14.00 68.00 82.00 NOTE

Check Details

Version: 0.0.3
Check: LazyData
Result: NOTE
     'LazyData' is specified without a 'data' directory
Flavors: r-devel-linux-x86_64-debian-clang, r-devel-linux-x86_64-debian-gcc, r-devel-linux-x86_64-fedora-clang, r-devel-linux-x86_64-fedora-gcc, r-devel-windows-x86_64, r-patched-linux-x86_64, r-release-linux-x86_64, r-release-macos-arm64, r-release-macos-x86_64, r-release-windows-x86_64, r-oldrel-macos-arm64, r-oldrel-macos-x86_64, r-oldrel-windows-ix86+x86_64