CRAN Package Check Results for Package camsRad

Last updated on 2022-05-23 21:53:07 CEST.

Flavor Version Tinstall Tcheck Ttotal Status Flags
r-devel-linux-x86_64-debian-clang 0.3.0 2.31 34.88 37.19 NOTE
r-devel-linux-x86_64-debian-gcc 0.3.0 1.64 26.76 28.40 NOTE
r-devel-linux-x86_64-fedora-clang 0.3.0 44.01 NOTE
r-devel-linux-x86_64-fedora-gcc 0.3.0 42.29 NOTE
r-devel-windows-x86_64 0.3.0 9.00 55.00 64.00 NOTE
r-patched-linux-x86_64 0.3.0 2.02 32.88 34.90 NOTE
r-release-linux-x86_64 0.3.0 NOTE
r-release-macos-arm64 0.3.0 16.00 NOTE
r-release-macos-x86_64 0.3.0 23.00 NOTE
r-release-windows-x86_64 0.3.0 6.00 58.00 64.00 NOTE
r-oldrel-macos-arm64 0.3.0 23.00 NOTE
r-oldrel-macos-x86_64 0.3.0 29.00 NOTE
r-oldrel-windows-ix86+x86_64 0.3.0 5.00 45.00 50.00 NOTE

Check Details

Version: 0.3.0
Check: LazyData
Result: NOTE
     'LazyData' is specified without a 'data' directory
Flavors: r-devel-linux-x86_64-debian-clang, r-devel-linux-x86_64-debian-gcc, r-devel-linux-x86_64-fedora-clang, r-devel-linux-x86_64-fedora-gcc, r-devel-windows-x86_64, r-patched-linux-x86_64, r-release-linux-x86_64, r-release-macos-arm64, r-release-macos-x86_64, r-release-windows-x86_64, r-oldrel-macos-arm64, r-oldrel-macos-x86_64, r-oldrel-windows-ix86+x86_64