CRAN Package Check Results for Package cancensus

Last updated on 2022-05-29 09:52:42 CEST.

Flavor Version Tinstall Tcheck Ttotal Status Flags
r-devel-linux-x86_64-debian-clang 0.5.0 5.32 85.72 91.04 OK
r-devel-linux-x86_64-debian-gcc 0.5.0 5.02 63.88 68.90 OK
r-devel-linux-x86_64-fedora-clang 0.5.0 107.60 NOTE
r-devel-linux-x86_64-fedora-gcc 0.5.0 102.23 NOTE
r-devel-windows-x86_64 0.5.0 44.00 123.00 167.00 OK
r-patched-linux-x86_64 0.5.0 6.50 80.82 87.32 OK
r-release-linux-x86_64 0.5.0 4.28 79.19 83.47 OK
r-release-macos-arm64 0.5.0 45.00 NOTE
r-release-macos-x86_64 0.5.0 69.00 NOTE
r-release-windows-x86_64 0.5.0 48.00 124.00 172.00 OK
r-oldrel-macos-arm64 0.5.0 39.00 NOTE
r-oldrel-macos-x86_64 0.5.0 54.00 NOTE
r-oldrel-windows-ix86+x86_64 0.5.0 16.00 107.00 123.00 OK

Check Details

Version: 0.5.0
Check: data for non-ASCII characters
Result: NOTE
     Note: found 23 marked UTF-8 strings
Flavors: r-devel-linux-x86_64-fedora-clang, r-devel-linux-x86_64-fedora-gcc, r-release-macos-arm64, r-release-macos-x86_64, r-oldrel-macos-arm64, r-oldrel-macos-x86_64