CRAN Package Check Results for Package capm

Last updated on 2022-05-20 18:49:10 CEST.

Flavor Version Tinstall Tcheck Ttotal Status Flags
r-devel-linux-x86_64-debian-clang 0.14.0 17.90 159.11 177.01 OK
r-devel-linux-x86_64-debian-gcc 0.14.0 12.30 119.28 131.58 OK
r-devel-linux-x86_64-fedora-clang 0.14.0 204.32 NOTE
r-devel-linux-x86_64-fedora-gcc 0.14.0 200.67 NOTE
r-devel-windows-x86_64 0.14.0 28.00 163.00 191.00 OK
r-patched-linux-x86_64 0.14.0 19.97 146.52 166.49 OK
r-release-linux-x86_64 0.14.0 14.40 149.83 164.23 OK
r-release-macos-arm64 0.14.0 52.00 NOTE
r-release-macos-x86_64 0.14.0 101.00 NOTE
r-release-windows-x86_64 0.14.0 28.00 167.00 195.00 OK
r-oldrel-macos-arm64 0.14.0 63.00 NOTE
r-oldrel-macos-x86_64 0.14.0 81.00 NOTE
r-oldrel-windows-ix86+x86_64 0.14.0 35.00 163.00 198.00 OK

Check Details

Version: 0.14.0
Check: data for non-ASCII characters
Result: NOTE
     Note: found 59 marked UTF-8 strings
Flavors: r-devel-linux-x86_64-fedora-clang, r-devel-linux-x86_64-fedora-gcc, r-release-macos-arm64, r-release-macos-x86_64, r-oldrel-macos-arm64, r-oldrel-macos-x86_64