CRAN Package Check Results for Package carcass

Last updated on 2022-01-29 06:49:28 CET.

Flavor Version Tinstall Tcheck Ttotal Status Flags
r-devel-linux-x86_64-debian-clang 1.6 9.99 106.23 116.22 OK
r-devel-linux-x86_64-debian-gcc 1.6 7.51 79.88 87.39 OK
r-devel-linux-x86_64-fedora-clang 1.6 133.21 OK
r-devel-linux-x86_64-fedora-gcc 1.6 128.22 OK
r-devel-windows-x86_64-new-UL 1.6 31.00 121.00 152.00 OK
r-devel-windows-x86_64-new-TK 1.6 ERROR
r-patched-linux-x86_64 1.6 10.80 95.71 106.51 OK
r-release-linux-x86_64 1.6 7.30 93.55 100.85 OK
r-release-macos-arm64 1.6 OK
r-release-macos-x86_64 1.6 OK
r-release-windows-ix86+x86_64 1.6 21.00 112.00 133.00 OK
r-oldrel-macos-x86_64 1.6 OK
r-oldrel-windows-ix86+x86_64 1.6 21.00 114.00 135.00 OK

Check Details

Version: 1.6
Check: package dependencies
Result: ERROR
    Packages required but not available: 'lme4', 'arm'
    
    See section 'The DESCRIPTION file' in the 'Writing R Extensions'
    manual.
Flavor: r-devel-windows-x86_64-new-TK