Last updated on 2022-05-21 23:50:54 CEST.
Flavor | Version | Tinstall | Tcheck | Ttotal | Status | Flags |
---|---|---|---|---|---|---|
r-devel-linux-x86_64-debian-clang | 0.2.2 | 4.54 | 60.35 | 64.89 | NOTE | |
r-devel-linux-x86_64-debian-gcc | 0.2.2 | 3.55 | 45.70 | 49.25 | NOTE | |
r-devel-linux-x86_64-fedora-clang | 0.2.2 | 76.44 | NOTE | |||
r-devel-linux-x86_64-fedora-gcc | 0.2.2 | 74.14 | NOTE | |||
r-devel-windows-x86_64 | 0.2.2 | 19.00 | 76.00 | 95.00 | NOTE | |
r-patched-linux-x86_64 | 0.2.2 | 4.85 | 56.53 | 61.38 | NOTE | |
r-release-linux-x86_64 | 0.2.2 | 4.16 | 56.98 | 61.14 | NOTE | |
r-release-macos-arm64 | 0.2.2 | 25.00 | NOTE | |||
r-release-macos-x86_64 | 0.2.2 | 45.00 | NOTE | |||
r-release-windows-x86_64 | 0.2.2 | 17.00 | 77.00 | 94.00 | NOTE | |
r-oldrel-macos-arm64 | 0.2.2 | 30.00 | NOTE | |||
r-oldrel-macos-x86_64 | 0.2.2 | 34.00 | NOTE | |||
r-oldrel-windows-ix86+x86_64 | 0.2.2 | 11.00 | 69.00 | 80.00 | NOTE |
Version: 0.2.2
Check: LazyData
Result: NOTE
'LazyData' is specified without a 'data' directory
Flavors: r-devel-linux-x86_64-debian-clang, r-devel-linux-x86_64-debian-gcc, r-devel-linux-x86_64-fedora-clang, r-devel-linux-x86_64-fedora-gcc, r-devel-windows-x86_64, r-patched-linux-x86_64, r-release-linux-x86_64, r-release-macos-arm64, r-release-macos-x86_64, r-release-windows-x86_64, r-oldrel-macos-arm64, r-oldrel-macos-x86_64, r-oldrel-windows-ix86+x86_64