CRAN Package Check Results for Package ccmReportR

Last updated on 2023-02-08 16:52:03 CET.

Flavor Version Tinstall Tcheck Ttotal Status Flags
r-devel-linux-x86_64-debian-clang 0.1.0 2.93 30.21 33.14 NOTE
r-devel-linux-x86_64-debian-gcc 0.1.0 2.38 23.41 25.79 NOTE
r-devel-linux-x86_64-fedora-clang 0.1.0 43.04 NOTE
r-devel-linux-x86_64-fedora-gcc 0.1.0 40.31 NOTE
r-devel-windows-x86_64 0.1.0 21.00 57.00 78.00 NOTE
r-patched-linux-x86_64 0.1.0 2.22 29.44 31.66 NOTE
r-release-linux-x86_64 0.1.0 3.45 28.56 32.01 NOTE
r-release-macos-arm64 0.1.0 18.00 NOTE
r-release-macos-x86_64 0.1.0 29.00 NOTE
r-release-windows-x86_64 0.1.0 16.00 61.00 77.00 NOTE
r-oldrel-macos-arm64 0.1.0 22.00 NOTE
r-oldrel-macos-x86_64 0.1.0 27.00 NOTE
r-oldrel-windows-ix86+x86_64 0.1.0 8.00 52.00 60.00 NOTE

Check Details

Version: 0.1.0
Check: LazyData
Result: NOTE
     'LazyData' is specified without a 'data' directory
Flavors: r-devel-linux-x86_64-debian-clang, r-devel-linux-x86_64-debian-gcc, r-devel-linux-x86_64-fedora-clang, r-devel-linux-x86_64-fedora-gcc, r-devel-windows-x86_64, r-patched-linux-x86_64, r-release-linux-x86_64, r-release-macos-arm64, r-release-macos-x86_64, r-release-windows-x86_64, r-oldrel-macos-arm64, r-oldrel-macos-x86_64, r-oldrel-windows-ix86+x86_64