CRAN Package Check Results for Package cder

Last updated on 2022-05-24 00:51:36 CEST.

Flavor Version Tinstall Tcheck Ttotal Status Flags
r-devel-linux-x86_64-debian-clang 0.2-2 7.04 72.34 79.38 NOTE
r-devel-linux-x86_64-debian-gcc 0.2-2 5.37 54.32 59.69 NOTE
r-devel-linux-x86_64-fedora-clang 0.2-2 94.68 NOTE
r-devel-linux-x86_64-fedora-gcc 0.2-2 92.95 NOTE
r-devel-windows-x86_64 0.2-2 18.00 88.00 106.00 NOTE
r-patched-linux-x86_64 0.2-2 6.98 68.00 74.98 NOTE
r-release-linux-x86_64 0.2-2 NOTE
r-release-macos-arm64 0.2-2 27.00 NOTE
r-release-macos-x86_64 0.2-2 50.00 NOTE
r-release-windows-x86_64 0.2-2 15.00 89.00 104.00 NOTE
r-oldrel-macos-arm64 0.2-2 31.00 NOTE
r-oldrel-macos-x86_64 0.2-2 45.00 NOTE
r-oldrel-windows-ix86+x86_64 0.2-2 18.00 74.00 92.00 NOTE

Check Details

Version: 0.2-2
Check: LazyData
Result: NOTE
     'LazyData' is specified without a 'data' directory
Flavors: r-devel-linux-x86_64-debian-clang, r-devel-linux-x86_64-debian-gcc, r-devel-linux-x86_64-fedora-clang, r-devel-linux-x86_64-fedora-gcc, r-devel-windows-x86_64, r-patched-linux-x86_64, r-release-linux-x86_64, r-release-macos-arm64, r-release-macos-x86_64, r-release-windows-x86_64, r-oldrel-macos-arm64, r-oldrel-macos-x86_64, r-oldrel-windows-ix86+x86_64