CRAN Package Check Results for Package cepreader

Last updated on 2022-05-20 21:52:47 CEST.

Flavor Version Tinstall Tcheck Ttotal Status Flags
r-devel-linux-x86_64-debian-clang 1.2-1 7.04 69.46 76.50 OK
r-devel-linux-x86_64-debian-gcc 1.2-1 6.44 52.98 59.42 OK
r-devel-linux-x86_64-fedora-clang 1.2-1 91.84 NOTE
r-devel-linux-x86_64-fedora-gcc 1.2-1 90.79 OK
r-devel-windows-x86_64 1.2-1 16.00 78.00 94.00 OK
r-patched-linux-x86_64 1.2-1 7.64 67.19 74.83 OK
r-release-linux-x86_64 1.2-1 6.13 62.10 68.23 OK
r-release-macos-arm64 1.2-1 29.00 OK
r-release-macos-x86_64 1.2-1 41.00 OK
r-release-windows-x86_64 1.2-1 21.00 83.00 104.00 OK
r-oldrel-macos-arm64 1.2-1 33.00 OK
r-oldrel-macos-x86_64 1.2-1 37.00 OK
r-oldrel-windows-ix86+x86_64 1.2-1 13.00 77.00 90.00 OK

Check Details

Version: 1.2-1
Check: Rd cross-references
Result: NOTE
    Undeclared package ‘vegan’ in Rd xrefs
Flavor: r-devel-linux-x86_64-fedora-clang