Last updated on 2022-05-20 11:50:57 CEST.
Flavor | Version | Tinstall | Tcheck | Ttotal | Status | Flags |
---|---|---|---|---|---|---|
r-devel-linux-x86_64-debian-clang | 1.0.0 | 3.75 | 132.98 | 136.73 | OK | |
r-devel-linux-x86_64-debian-gcc | 1.0.0 | 2.84 | 99.22 | 102.06 | OK | |
r-devel-linux-x86_64-fedora-clang | 1.0.0 | 154.81 | NOTE | |||
r-devel-windows-x86_64 | 1.0.0 | 25.00 | 174.00 | 199.00 | OK | |
r-patched-linux-x86_64 | 1.0.0 | 4.01 | 126.12 | 130.13 | OK | |
r-release-linux-x86_64 | 1.0.0 | 2.42 | 121.82 | 124.24 | OK | |
r-release-macos-arm64 | 1.0.0 | 45.00 | NOTE | |||
r-release-macos-x86_64 | 1.0.0 | 78.00 | NOTE | |||
r-release-windows-x86_64 | 1.0.0 | 25.00 | 183.00 | 208.00 | OK | |
r-oldrel-macos-arm64 | 1.0.0 | 50.00 | NOTE | |||
r-oldrel-macos-x86_64 | 1.0.0 | 68.00 | NOTE | |||
r-oldrel-windows-ix86+x86_64 | 1.0.0 | 8.00 | 154.00 | 162.00 | OK |
Version: 1.0.0
Check: dependencies in R code
Result: NOTE
Namespaces in Imports field not imported from:
‘AER’ ‘graphics’ ‘lmtest’
All declared Imports should be used.
Flavors: r-devel-linux-x86_64-fedora-clang, r-release-macos-arm64, r-release-macos-x86_64, r-oldrel-macos-arm64, r-oldrel-macos-x86_64