Last updated on 2022-05-19 00:52:47 CEST.
Flavor | Version | Tinstall | Tcheck | Ttotal | Status | Flags |
---|---|---|---|---|---|---|
r-devel-linux-x86_64-debian-clang | 0.2.3 | 9.63 | 93.56 | 103.19 | NOTE | |
r-devel-linux-x86_64-debian-gcc | 0.2.3 | 9.13 | 72.84 | 81.97 | NOTE | |
r-devel-linux-x86_64-fedora-clang | 0.2.3 | 123.04 | NOTE | |||
r-devel-linux-x86_64-fedora-gcc | 0.2.3 | 128.79 | NOTE | |||
r-devel-windows-x86_64 | 0.2.3 | 78.00 | 111.00 | 189.00 | NOTE | |
r-patched-linux-x86_64 | 0.2.3 | 9.57 | 94.86 | 104.43 | NOTE | |
r-release-linux-x86_64 | 0.2.3 | 11.12 | 92.57 | 103.69 | NOTE | |
r-release-macos-arm64 | 0.2.3 | 32.00 | NOTE | |||
r-release-macos-x86_64 | 0.2.3 | 58.00 | NOTE | |||
r-release-windows-x86_64 | 0.2.3 | 56.00 | 114.00 | 170.00 | NOTE | |
r-oldrel-macos-arm64 | 0.2.3 | 39.00 | NOTE | |||
r-oldrel-macos-x86_64 | 0.2.3 | 81.00 | NOTE | |||
r-oldrel-windows-ix86+x86_64 | 0.2.3 | 26.00 | 115.00 | 141.00 | NOTE |
Version: 0.2.3
Check: LazyData
Result: NOTE
'LazyData' is specified without a 'data' directory
Flavors: r-devel-linux-x86_64-debian-clang, r-devel-linux-x86_64-debian-gcc, r-devel-linux-x86_64-fedora-clang, r-devel-linux-x86_64-fedora-gcc, r-devel-windows-x86_64, r-patched-linux-x86_64, r-release-linux-x86_64, r-release-macos-arm64, r-release-macos-x86_64, r-release-windows-x86_64, r-oldrel-macos-arm64, r-oldrel-macos-x86_64, r-oldrel-windows-ix86+x86_64