Last updated on 2022-05-16 10:52:35 CEST.
Flavor | Version | Tinstall | Tcheck | Ttotal | Status | Flags |
---|---|---|---|---|---|---|
r-devel-linux-x86_64-debian-clang | 3.7.0 | 25.57 | 192.23 | 217.80 | OK | |
r-devel-linux-x86_64-debian-gcc | 3.7.0 | 20.73 | 141.62 | 162.35 | OK | |
r-devel-linux-x86_64-fedora-clang | 3.7.0 | 259.83 | NOTE | |||
r-devel-linux-x86_64-fedora-gcc | 3.7.0 | 250.01 | NOTE | |||
r-devel-windows-x86_64 | 3.7.0 | 75.00 | 225.00 | 300.00 | OK | |
r-patched-linux-x86_64 | 3.7.0 | 17.41 | 176.49 | 193.90 | OK | |
r-release-linux-x86_64 | 3.7.0 | 17.02 | 176.43 | 193.45 | OK | |
r-release-macos-arm64 | 3.7.0 | 66.00 | NOTE | |||
r-release-macos-x86_64 | 3.7.0 | 119.00 | NOTE | |||
r-release-windows-x86_64 | 3.7.0 | 86.00 | 225.00 | 311.00 | OK | |
r-oldrel-macos-arm64 | 3.7.0 | 80.00 | NOTE | |||
r-oldrel-macos-x86_64 | 3.7.0 | 144.00 | NOTE | |||
r-oldrel-windows-ix86+x86_64 | 3.7.0 | 137.00 | 230.00 | 367.00 | OK |
Version: 3.7.0
Check: data for non-ASCII characters
Result: NOTE
Note: found 10 marked UTF-8 strings
Flavors: r-devel-linux-x86_64-fedora-clang, r-devel-linux-x86_64-fedora-gcc, r-release-macos-arm64, r-release-macos-x86_64, r-oldrel-macos-arm64, r-oldrel-macos-x86_64