CRAN Package Check Results for Package chronicle

Last updated on 2022-05-25 21:52:55 CEST.

Flavor Version Tinstall Tcheck Ttotal Status Flags
r-devel-linux-x86_64-debian-clang 0.3 6.13 79.22 85.35 OK
r-devel-linux-x86_64-debian-gcc 0.3 3.82 58.30 62.12 OK
r-devel-linux-x86_64-fedora-clang 0.3 102.73 NOTE
r-devel-linux-x86_64-fedora-gcc 0.3 95.72 NOTE
r-devel-windows-x86_64 0.3 30.00 106.00 136.00 OK
r-patched-linux-x86_64 0.3 3.94 75.08 79.02 OK
r-release-linux-x86_64 0.3 OK
r-release-macos-arm64 0.3 32.00 NOTE
r-release-macos-x86_64 0.3 51.00 NOTE
r-release-windows-x86_64 0.3 31.00 99.00 130.00 OK
r-oldrel-macos-arm64 0.3 32.00 NOTE
r-oldrel-macos-x86_64 0.3 51.00 NOTE
r-oldrel-windows-ix86+x86_64 0.3 14.00 91.00 105.00 OK

Check Details

Version: 0.3
Check: dependencies in R code
Result: NOTE
    Namespaces in Imports field not imported from:
     ‘DT’ ‘dplyr’ ‘prettydoc’ ‘rmdformats’ ‘skimr’
     All declared Imports should be used.
Flavors: r-devel-linux-x86_64-fedora-clang, r-devel-linux-x86_64-fedora-gcc, r-release-macos-arm64, r-release-macos-x86_64, r-oldrel-macos-arm64, r-oldrel-macos-x86_64