CRAN Package Check Results for Package circularEV

Last updated on 2022-05-19 07:50:05 CEST.

Flavor Version Tinstall Tcheck Ttotal Status Flags
r-devel-linux-x86_64-debian-clang 0.1.1 10.11 202.17 212.28 OK
r-devel-linux-x86_64-debian-gcc 0.1.1 8.38 148.19 156.57 OK
r-devel-linux-x86_64-fedora-clang 0.1.1 258.03 NOTE
r-devel-linux-x86_64-fedora-gcc 0.1.1 234.02 OK
r-devel-windows-x86_64 0.1.1 42.00 285.00 327.00 NOTE
r-patched-linux-x86_64 0.1.1 10.21 192.13 202.34 OK
r-release-linux-x86_64 0.1.1 10.23 192.90 203.13 OK
r-release-macos-arm64 0.1.1 163.00 NOTE
r-release-macos-x86_64 0.1.1 203.00 NOTE
r-release-windows-x86_64 0.1.1 43.00 286.00 329.00 NOTE
r-oldrel-macos-arm64 0.1.1 159.00 NOTE
r-oldrel-macos-x86_64 0.1.1 181.00 NOTE
r-oldrel-windows-ix86+x86_64 0.1.1 27.00 310.00 337.00 NOTE

Additional issues

donttest

Check Details

Version: 0.1.1
Check: installed package size
Result: NOTE
     installed size is 7.5Mb
     sub-directories of 1Mb or more:
     doc 7.3Mb
Flavors: r-devel-linux-x86_64-fedora-clang, r-devel-windows-x86_64, r-release-macos-arm64, r-release-macos-x86_64, r-release-windows-x86_64, r-oldrel-macos-arm64, r-oldrel-macos-x86_64, r-oldrel-windows-ix86+x86_64