Last updated on 2023-02-09 13:50:39 CET.
Flavor | Version | Tinstall | Tcheck | Ttotal | Status | Flags |
---|---|---|---|---|---|---|
r-devel-linux-x86_64-debian-clang | 0.0.4 | 14.38 | 106.67 | 121.05 | OK | |
r-devel-linux-x86_64-debian-gcc | 0.0.4 | 11.15 | 77.21 | 88.36 | OK | |
r-devel-linux-x86_64-fedora-clang | 0.0.4 | 155.94 | NOTE | |||
r-devel-linux-x86_64-fedora-gcc | 0.0.4 | 140.86 | NOTE | |||
r-devel-windows-x86_64 | 0.0.4 | 62.00 | 122.00 | 184.00 | OK | |
r-patched-linux-x86_64 | 0.0.4 | 10.34 | 102.60 | 112.94 | OK | |
r-release-linux-x86_64 | 0.0.4 | 13.04 | 99.47 | 112.51 | OK | |
r-release-macos-arm64 | 0.0.4 | 44.00 | NOTE | |||
r-release-macos-x86_64 | 0.0.4 | 72.00 | NOTE | |||
r-release-windows-x86_64 | 0.0.4 | 237.00 | 140.00 | 377.00 | OK | |
r-oldrel-macos-arm64 | 0.0.4 | 29.00 | NOTE | |||
r-oldrel-macos-x86_64 | 0.0.4 | 57.00 | NOTE | |||
r-oldrel-windows-ix86+x86_64 | 0.0.4 | 30.00 | 123.00 | 153.00 | OK |
Version: 0.0.4
Check: dependencies in R code
Result: NOTE
Namespace in Imports field not imported from: ‘networkD3’
All declared Imports should be used.
Flavors: r-devel-linux-x86_64-fedora-clang, r-devel-linux-x86_64-fedora-gcc, r-release-macos-arm64, r-release-macos-x86_64, r-oldrel-macos-arm64, r-oldrel-macos-x86_64