Last updated on 2022-05-22 17:50:38 CEST.
Flavor | Version | Tinstall | Tcheck | Ttotal | Status | Flags |
---|---|---|---|---|---|---|
r-devel-linux-x86_64-debian-clang | 1.4.0 | 17.29 | 150.06 | 167.35 | OK | |
r-devel-linux-x86_64-debian-gcc | 1.4.0 | 12.79 | 110.52 | 123.31 | OK | |
r-devel-linux-x86_64-fedora-clang | 1.4.0 | 197.80 | NOTE | |||
r-devel-linux-x86_64-fedora-gcc | 1.4.0 | 189.30 | NOTE | |||
r-devel-windows-x86_64 | 1.4.0 | 69.00 | 156.00 | 225.00 | OK | |
r-patched-linux-x86_64 | 1.4.0 | 13.78 | 138.33 | 152.11 | OK | |
r-release-linux-x86_64 | 1.4.0 | 11.35 | 136.04 | 147.39 | OK | |
r-release-macos-arm64 | 1.4.0 | 49.00 | NOTE | |||
r-release-macos-x86_64 | 1.4.0 | 100.00 | NOTE | |||
r-release-windows-x86_64 | 1.4.0 | 51.00 | 160.00 | 211.00 | OK | |
r-oldrel-macos-arm64 | 1.4.0 | 61.00 | NOTE | |||
r-oldrel-macos-x86_64 | 1.4.0 | 84.00 | NOTE | |||
r-oldrel-windows-ix86+x86_64 | 1.4.0 | 39.00 | 147.00 | 186.00 | OK |
Version: 1.4.0
Check: dependencies in R code
Result: NOTE
Namespace in Imports field not imported from: ‘Rcpp’
All declared Imports should be used.
Flavors: r-devel-linux-x86_64-fedora-clang, r-devel-linux-x86_64-fedora-gcc, r-release-macos-arm64, r-release-macos-x86_64, r-oldrel-macos-arm64, r-oldrel-macos-x86_64