CRAN Package Check Results for Package cld3

Last updated on 2022-05-25 10:53:13 CEST.

Flavor Version Tinstall Tcheck Ttotal Status Flags
r-devel-linux-x86_64-debian-clang 1.4.2 69.03 34.85 103.88 OK
r-devel-linux-x86_64-debian-gcc 1.4.2 55.09 28.24 83.33 OK
r-devel-linux-x86_64-fedora-clang 1.4.2 168.92 OK
r-devel-linux-x86_64-fedora-gcc 1.4.2 133.56 OK
r-devel-windows-x86_64 1.4.2 151.00 84.00 235.00 OK
r-patched-linux-x86_64 1.4.2 57.71 34.74 92.45 OK
r-release-linux-x86_64 1.4.2 OK
r-release-macos-arm64 1.4.2 37.00 NOTE
r-release-macos-x86_64 1.4.2 53.00 NOTE
r-release-windows-x86_64 1.4.2 89.00 80.00 169.00 OK
r-oldrel-macos-arm64 1.4.2 47.00 NOTE
r-oldrel-macos-x86_64 1.4.2 51.00 NOTE
r-oldrel-windows-ix86+x86_64 1.4.2 172.00 76.00 248.00 OK

Check Details

Version: 1.4.2
Check: installed package size
Result: NOTE
     installed size is 6.8Mb
     sub-directories of 1Mb or more:
     libs 6.8Mb
Flavors: r-release-macos-arm64, r-release-macos-x86_64, r-oldrel-macos-arm64, r-oldrel-macos-x86_64