CRAN Package Check Results for Package clinspacy

Last updated on 2022-05-27 12:53:11 CEST.

Flavor Version Tinstall Tcheck Ttotal Status Flags
r-devel-linux-x86_64-debian-clang 1.0.2 3.50 40.61 44.11 NOTE
r-devel-linux-x86_64-debian-gcc 1.0.2 2.51 31.09 33.60 NOTE
r-devel-linux-x86_64-fedora-clang 1.0.2 53.53 NOTE
r-devel-linux-x86_64-fedora-gcc 1.0.2 50.51 NOTE
r-devel-windows-x86_64 1.0.2 14.00 57.00 71.00 NOTE
r-patched-linux-x86_64 1.0.2 3.09 38.54 41.63 NOTE
r-release-linux-x86_64 1.0.2 3.02 38.26 41.28 NOTE
r-release-macos-arm64 1.0.2 18.00 NOTE
r-release-macos-x86_64 1.0.2 24.00 NOTE
r-release-windows-x86_64 1.0.2 20.00 56.00 76.00 NOTE
r-oldrel-macos-arm64 1.0.2 25.00 NOTE
r-oldrel-macos-x86_64 1.0.2 33.00 NOTE
r-oldrel-windows-ix86+x86_64 1.0.2 7.00 47.00 54.00 NOTE

Check Details

Version: 1.0.2
Check: LazyData
Result: NOTE
     'LazyData' is specified without a 'data' directory
Flavors: r-devel-linux-x86_64-debian-clang, r-devel-linux-x86_64-debian-gcc, r-devel-linux-x86_64-fedora-clang, r-devel-linux-x86_64-fedora-gcc, r-devel-windows-x86_64, r-patched-linux-x86_64, r-release-linux-x86_64, r-release-macos-arm64, r-release-macos-x86_64, r-release-windows-x86_64, r-oldrel-macos-arm64, r-oldrel-macos-x86_64, r-oldrel-windows-ix86+x86_64