Last updated on 2022-05-19 03:55:53 CEST.
Flavor | Version | Tinstall | Tcheck | Ttotal | Status | Flags |
---|---|---|---|---|---|---|
r-devel-linux-x86_64-debian-clang | 0.6.0 | 340.53 | 147.09 | 487.62 | OK | |
r-devel-linux-x86_64-debian-gcc | 0.6.0 | 267.48 | 115.86 | 383.34 | OK | |
r-devel-linux-x86_64-fedora-clang | 0.6.0 | 694.90 | NOTE | |||
r-devel-linux-x86_64-fedora-gcc | 0.6.0 | 595.19 | OK | |||
r-devel-windows-x86_64 | 0.6.0 | 316.00 | 242.00 | 558.00 | NOTE | |
r-patched-linux-x86_64 | 0.6.0 | 255.72 | 148.20 | 403.92 | OK | |
r-release-linux-x86_64 | 0.6.0 | 253.17 | 147.67 | 400.84 | OK | |
r-release-macos-arm64 | 0.6.0 | 157.00 | NOTE | |||
r-release-macos-x86_64 | 0.6.0 | 189.00 | NOTE | |||
r-release-windows-x86_64 | 0.6.0 | 363.00 | 249.00 | 612.00 | NOTE | |
r-oldrel-macos-arm64 | 0.6.0 | 1023.00 | NOTE | |||
r-oldrel-macos-x86_64 | 0.6.0 | 187.00 | NOTE | |||
r-oldrel-windows-ix86+x86_64 | 0.6.0 | 577.00 | 300.00 | 877.00 | NOTE |
Version: 0.6.0
Check: installed package size
Result: NOTE
installed size is 31.5Mb
sub-directories of 1Mb or more:
libs 29.9Mb
Flavors: r-devel-linux-x86_64-fedora-clang, r-devel-windows-x86_64, r-release-macos-arm64, r-release-macos-x86_64, r-release-windows-x86_64, r-oldrel-macos-arm64, r-oldrel-macos-x86_64, r-oldrel-windows-ix86+x86_64