CRAN Package Check Results for Package clogitL1

Last updated on 2022-05-26 12:53:35 CEST.

Flavor Version Tinstall Tcheck Ttotal Status Flags
r-devel-linux-x86_64-debian-clang 1.5 30.65 39.38 70.03 OK
r-devel-linux-x86_64-debian-gcc 1.5 23.72 33.47 57.19 OK
r-devel-linux-x86_64-fedora-clang 1.5 95.75 NOTE
r-devel-linux-x86_64-fedora-gcc 1.5 85.01 NOTE
r-devel-windows-x86_64 1.5 35.00 75.00 110.00 OK
r-patched-linux-x86_64 1.5 23.85 38.21 62.06 OK
r-release-linux-x86_64 1.5 OK
r-release-macos-arm64 1.5 25.00 OK
r-release-macos-x86_64 1.5 34.00 OK
r-release-windows-x86_64 1.5 33.00 77.00 110.00 OK
r-oldrel-macos-arm64 1.5 32.00 OK
r-oldrel-macos-x86_64 1.5 49.00 OK
r-oldrel-windows-ix86+x86_64 1.5 75.00 76.00 151.00 OK

Check Details

Version: 1.5
Check: compiled code
Result: NOTE
    File ‘clogitL1/libs/clogitL1.so’:
     Found no calls to: ‘R_registerRoutines’, ‘R_useDynamicSymbols’
    
    It is good practice to register native routines and to disable symbol
    search.
    
    See ‘Writing portable packages’ in the ‘Writing R Extensions’ manual.
Flavors: r-devel-linux-x86_64-fedora-clang, r-devel-linux-x86_64-fedora-gcc