CRAN Package Check Results for Package clustDRM

Last updated on 2022-01-24 20:49:29 CET.

Flavor Version Tinstall Tcheck Ttotal Status Flags
r-devel-linux-x86_64-debian-clang 0.1-0 26.36 195.61 221.97 OK
r-devel-linux-x86_64-debian-gcc 0.1-0 19.81 144.30 164.11 OK
r-devel-linux-x86_64-fedora-clang 0.1-0 267.56 NOTE
r-devel-linux-x86_64-fedora-gcc 0.1-0 300.35 NOTE
r-devel-windows-x86_64-new-UL 0.1-0 40.00 173.00 213.00 OK
r-devel-windows-x86_64-new-TK 0.1-0 NOTE
r-patched-linux-x86_64 0.1-0 26.12 184.02 210.14 OK
r-release-linux-x86_64 0.1-0 18.49 184.21 202.70 OK
r-release-macos-arm64 0.1-0 ERROR
r-release-macos-x86_64 0.1-0 ERROR
r-release-windows-ix86+x86_64 0.1-0 48.00 191.00 239.00 OK
r-oldrel-macos-x86_64 0.1-0 ERROR
r-oldrel-windows-ix86+x86_64 0.1-0 48.00 199.00 247.00 OK

Check Details

Version: 0.1-0
Check: dependencies in R code
Result: NOTE
    Namespace in Imports field not imported from: ‘DT’
     All declared Imports should be used.
Flavors: r-devel-linux-x86_64-fedora-clang, r-devel-linux-x86_64-fedora-gcc, r-devel-windows-x86_64-new-TK

Version: 0.1-0
Check: package dependencies
Result: ERROR
    Package required but not available: ‘IsoGene’
    
    See section ‘The DESCRIPTION file’ in the ‘Writing R Extensions’
    manual.
Flavors: r-release-macos-arm64, r-release-macos-x86_64, r-oldrel-macos-x86_64