CRAN Package Check Results for Package clustvarsel

Last updated on 2022-05-17 12:48:51 CEST.

Flavor Version Tinstall Tcheck Ttotal Status Flags
r-devel-linux-x86_64-debian-clang 2.3.4 9.45 102.29 111.74 NOTE
r-devel-linux-x86_64-debian-gcc 2.3.4 8.98 77.53 86.51 NOTE
r-devel-linux-x86_64-fedora-clang 2.3.4 136.52 NOTE
r-devel-linux-x86_64-fedora-gcc 2.3.4 133.15 NOTE
r-devel-windows-x86_64 2.3.4 17.00 124.00 141.00 NOTE --no-vignettes
r-patched-linux-x86_64 2.3.4 13.69 99.13 112.82 NOTE
r-release-linux-x86_64 2.3.4 11.49 97.80 109.29 NOTE
r-release-macos-arm64 2.3.4 36.00 NOTE
r-release-macos-x86_64 2.3.4 54.00 NOTE
r-release-windows-x86_64 2.3.4 39.00 130.00 169.00 NOTE --no-vignettes
r-oldrel-macos-arm64 2.3.4 45.00 NOTE
r-oldrel-macos-x86_64 2.3.4 75.00 NOTE
r-oldrel-windows-ix86+x86_64 2.3.4 23.00 116.00 139.00 NOTE --no-vignettes

Check Details

Version: 2.3.4
Check: LazyData
Result: NOTE
     'LazyData' is specified without a 'data' directory
Flavors: r-devel-linux-x86_64-debian-clang, r-devel-linux-x86_64-debian-gcc, r-devel-linux-x86_64-fedora-clang, r-devel-linux-x86_64-fedora-gcc, r-patched-linux-x86_64, r-release-linux-x86_64, r-release-macos-arm64, r-release-macos-x86_64, r-oldrel-macos-arm64, r-oldrel-macos-x86_64

Version: 2.3.4
Flags: --no-vignettes
Check: LazyData
Result: NOTE
     'LazyData' is specified without a 'data' directory
Flavors: r-devel-windows-x86_64, r-release-windows-x86_64, r-oldrel-windows-ix86+x86_64