CRAN Package Check Results for Package coenoflex

Last updated on 2022-05-26 11:52:06 CEST.

Flavor Version Tinstall Tcheck Ttotal Status Flags
r-devel-linux-x86_64-debian-clang 2.2-0 10.77 75.35 86.12 OK
r-devel-linux-x86_64-debian-gcc 2.2-0 8.52 67.49 76.01 OK
r-devel-linux-x86_64-fedora-clang 2.2-0 100.89 NOTE
r-devel-linux-x86_64-fedora-gcc 2.2-0 99.76 NOTE
r-devel-windows-x86_64 2.2-0 14.00 87.00 101.00 OK
r-patched-linux-x86_64 2.2-0 10.23 70.59 80.82 OK
r-release-linux-x86_64 2.2-0 OK
r-release-macos-arm64 2.2-0 33.00 OK
r-release-macos-x86_64 2.2-0 43.00 OK
r-release-windows-x86_64 2.2-0 14.00 90.00 104.00 OK
r-oldrel-macos-arm64 2.2-0 37.00 OK
r-oldrel-macos-x86_64 2.2-0 58.00 OK
r-oldrel-windows-ix86+x86_64 2.2-0 22.00 103.00 125.00 OK

Check Details

Version: 2.2-0
Check: compiled code
Result: NOTE
    File ‘coenoflex/libs/coenoflex.so’:
     Found no calls to: ‘R_registerRoutines’, ‘R_useDynamicSymbols’
    
    It is good practice to register native routines and to disable symbol
    search.
    
    See ‘Writing portable packages’ in the ‘Writing R Extensions’ manual.
Flavors: r-devel-linux-x86_64-fedora-clang, r-devel-linux-x86_64-fedora-gcc