CRAN Package Check Results for Package colf

Last updated on 2022-06-27 09:50:11 CEST.

Flavor Version Tinstall Tcheck Ttotal Status Flags
r-devel-linux-x86_64-debian-clang 0.1.3 2.50 30.62 33.12 NOTE
r-devel-linux-x86_64-debian-gcc 0.1.3 1.42 24.15 25.57 NOTE
r-devel-linux-x86_64-fedora-clang 0.1.3 50.83 NOTE
r-devel-linux-x86_64-fedora-gcc 0.1.3 50.83 NOTE
r-devel-windows-x86_64 0.1.3 12.00 61.00 73.00 NOTE
r-patched-linux-x86_64 0.1.3 1.96 29.95 31.91 NOTE
r-release-linux-x86_64 0.1.3 2.28 29.89 32.17 NOTE
r-release-macos-arm64 0.1.3 21.00 NOTE
r-release-macos-x86_64 0.1.3 25.00 NOTE
r-release-windows-x86_64 0.1.3 15.00 58.00 73.00 NOTE
r-oldrel-macos-arm64 0.1.3 20.00 NOTE
r-oldrel-macos-x86_64 0.1.3 37.00 NOTE
r-oldrel-windows-ix86+x86_64 0.1.3 6.00 51.00 57.00 NOTE

Check Details

Version: 0.1.3
Check: LazyData
Result: NOTE
     'LazyData' is specified without a 'data' directory
Flavors: r-devel-linux-x86_64-debian-clang, r-devel-linux-x86_64-debian-gcc, r-devel-linux-x86_64-fedora-clang, r-devel-linux-x86_64-fedora-gcc, r-devel-windows-x86_64, r-patched-linux-x86_64, r-release-linux-x86_64, r-release-macos-arm64, r-release-macos-x86_64, r-release-windows-x86_64, r-oldrel-macos-arm64, r-oldrel-macos-x86_64, r-oldrel-windows-ix86+x86_64