CRAN Package Check Results for Package colorDF

Last updated on 2022-05-25 01:50:16 CEST.

Flavor Version Tinstall Tcheck Ttotal Status Flags
r-devel-linux-x86_64-debian-clang 0.1.4 3.45 1235.67 1239.12 ERROR
r-devel-linux-x86_64-debian-gcc 0.1.4 2.47 39.51 41.98 OK
r-devel-linux-x86_64-fedora-clang 0.1.4 66.58 OK
r-devel-linux-x86_64-fedora-gcc 0.1.4 64.87 OK
r-devel-windows-x86_64 0.1.4 23.00 79.00 102.00 OK
r-patched-linux-x86_64 0.1.4 4.57 50.27 54.84 OK
r-release-linux-x86_64 0.1.4 OK
r-release-macos-arm64 0.1.4 19.00 OK
r-release-macos-x86_64 0.1.4 31.00 OK
r-release-windows-x86_64 0.1.4 20.00 73.00 93.00 OK
r-oldrel-macos-arm64 0.1.4 25.00 OK
r-oldrel-macos-x86_64 0.1.4 38.00 OK
r-oldrel-windows-ix86+x86_64 0.1.4 9.00 0.00 9.00 FAIL

Check Details

Version: 0.1.4
Check: re-building of vignette outputs
Result: ERROR
    Error(s) in re-building vignettes:
     ...
    --- re-building 'colorDF.Rmd' using rmarkdown
    Killed
Flavor: r-devel-linux-x86_64-debian-clang

Version: 0.1.4
Check: re-building of vignette outputs
Result: FAIL
    Check process probably crashed or hung up for 20 minutes ... killed
    Most likely this happened in the example checks (?),
    if not, ignore the following last lines of example output:
    1¦4 ¦<dbl>¦ 0¦ 9¦ <U+257E>--¦ + +------<U+257C>
    2¦6 ¦<dbl>¦ 0¦ 6¦ <U+257E>-¦ + +
    3¦8 ¦<dbl>¦ 0¦ 12¦<U+257E>-------¦ + +-----<U+257C>
    4¦Range¦<chr>¦ 0¦ 1¦Only one value: Range: 10.4 - 33.9
    > term_boxplot(Sepal.Length ~ Species, data=iris, width=70)
    # Color data frame (class colorDF) 5 x 4:
     ¦Col ¦Class¦NAs ¦unique¦Summary
     ¦<chr> ¦<chr>¦<int>¦<int> ¦<chr>
    1¦setosa ¦<dbl>¦ 0¦ 15¦<U+257E>----¦+ +-----<U+257C>
    2¦versicolor¦<dbl>¦ 0¦ 21¦ <U+257E>-----¦ + +------<U+257C>
    3¦virginica ¦<dbl>¦ 0¦ 21¦ <U+257E>-----------¦ + +--------<U+257C>
    4¦Range ¦<chr>¦ 0¦ 1¦Only one value: Range: 4.3 - 7.9
    >
    >
    >
    > ### * <FOOTER>
    > ###
    > cleanEx()
    > options(digits = 7L)
    > base::cat("Time elapsed: ", proc.time() - base::get("ptime", pos = 'CheckExEnv'),"\n")
    Time elapsed: 3.28 0.11 3.41 NA NA
    > grDevices::dev.off()
    null device
     1
    > ###
    > ### Local variables: ***
    > ### mode: outline-minor ***
    > ### outline-regexp: "\\(> \\)?### [*]+" ***
    > ### End: ***
    > quit('no')
    ======== End of example output (where/before crash/hang up occured ?) ========
Flavor: r-oldrel-windows-ix86+x86_64