Last updated on 2023-03-20 11:53:42 CET.
Flavor | Version | Tinstall | Tcheck | Ttotal | Status | Flags |
---|---|---|---|---|---|---|
r-devel-linux-x86_64-debian-clang | 0.1.4 | NOTE | ||||
r-devel-linux-x86_64-debian-gcc | 0.1.4 | 6.26 | 58.39 | 64.65 | NOTE | |
r-devel-linux-x86_64-fedora-clang | 0.1.4 | 107.69 | NOTE | |||
r-devel-linux-x86_64-fedora-gcc | 0.1.4 | 98.59 | NOTE | |||
r-devel-windows-x86_64 | 0.1.4 | 22.00 | 102.00 | 124.00 | NOTE | |
r-patched-linux-x86_64 | 0.1.4 | 12.46 | 76.29 | 88.75 | NOTE | |
r-release-linux-x86_64 | 0.1.4 | 9.00 | 75.19 | 84.19 | NOTE | |
r-release-macos-arm64 | 0.1.4 | 33.00 | NOTE | |||
r-release-macos-x86_64 | 0.1.4 | 55.00 | NOTE | |||
r-release-windows-x86_64 | 0.1.4 | 21.00 | 109.00 | 130.00 | NOTE | |
r-oldrel-macos-arm64 | 0.1.4 | 36.00 | NOTE | |||
r-oldrel-macos-x86_64 | 0.1.4 | 54.00 | NOTE | |||
r-oldrel-windows-ix86+x86_64 | 0.1.4 | 22.00 | 104.00 | 126.00 | NOTE |
Version: 0.1.4
Check: LazyData
Result: NOTE
'LazyData' is specified without a 'data' directory
Flavors: r-devel-linux-x86_64-debian-clang, r-devel-linux-x86_64-debian-gcc, r-devel-linux-x86_64-fedora-clang, r-devel-linux-x86_64-fedora-gcc, r-devel-windows-x86_64, r-patched-linux-x86_64, r-release-linux-x86_64, r-release-macos-arm64, r-release-macos-x86_64, r-release-windows-x86_64, r-oldrel-macos-arm64, r-oldrel-macos-x86_64, r-oldrel-windows-ix86+x86_64