CRAN Package Check Results for Package colormap

Last updated on 2022-05-18 19:51:59 CEST.

Flavor Version Tinstall Tcheck Ttotal Status Flags
r-devel-linux-x86_64-debian-clang 0.1.4 2.97 41.67 44.64 NOTE
r-devel-linux-x86_64-debian-gcc 0.1.4 1.96 32.94 34.90 NOTE
r-devel-linux-x86_64-fedora-clang 0.1.4 55.21 NOTE
r-devel-linux-x86_64-fedora-gcc 0.1.4 55.81 NOTE
r-devel-windows-x86_64 0.1.4 8.00 59.00 67.00 NOTE
r-patched-linux-x86_64 0.1.4 2.60 41.05 43.65 NOTE
r-release-linux-x86_64 0.1.4 2.00 41.08 43.08 NOTE
r-release-macos-arm64 0.1.4 18.00 NOTE
r-release-macos-x86_64 0.1.4 34.00 NOTE
r-release-windows-x86_64 0.1.4 11.00 57.00 68.00 NOTE
r-oldrel-macos-arm64 0.1.4 23.00 NOTE
r-oldrel-macos-x86_64 0.1.4 33.00 NOTE
r-oldrel-windows-ix86+x86_64 0.1.4 10.00 71.00 81.00 NOTE

Check Details

Version: 0.1.4
Check: LazyData
Result: NOTE
     'LazyData' is specified without a 'data' directory
Flavors: r-devel-linux-x86_64-debian-clang, r-devel-linux-x86_64-debian-gcc, r-devel-linux-x86_64-fedora-clang, r-devel-linux-x86_64-fedora-gcc, r-devel-windows-x86_64, r-patched-linux-x86_64, r-release-linux-x86_64, r-release-macos-arm64, r-release-macos-x86_64, r-release-windows-x86_64, r-oldrel-macos-arm64, r-oldrel-macos-x86_64, r-oldrel-windows-ix86+x86_64