CRAN Package Check Results for Package colouR

Last updated on 2024-04-15 16:55:40 CEST.

Flavor Version Tinstall Tcheck Ttotal Status Flags
r-devel-linux-x86_64-debian-clang 0.1.1 6.33 87.41 93.74 OK
r-devel-linux-x86_64-debian-gcc 0.1.1 4.78 65.67 70.45 OK
r-devel-linux-x86_64-fedora-clang 0.1.1 119.54 OK
r-devel-linux-x86_64-fedora-gcc 0.1.1 146.94 OK
r-prerel-macos-arm64 0.1.1 45.00 OK
r-prerel-windows-x86_64 0.1.1 7.00 86.00 93.00 OK
r-patched-linux-x86_64 0.1.1 6.57 78.71 85.28 ERROR
r-release-linux-x86_64 0.1.1 4.59 82.61 87.20 OK
r-release-macos-arm64 0.1.1 43.00 OK
r-release-macos-x86_64 0.1.1 110.00 OK
r-release-windows-x86_64 0.1.1 9.00 98.00 107.00 OK
r-oldrel-macos-arm64 0.1.1 47.00 OK
r-oldrel-windows-x86_64 0.1.1 8.00 100.00 108.00 OK

Check Details

Version: 0.1.1
Check: examples
Result: ERROR Running examples in ‘colouR-Ex.R’ failed The error most likely occurred in: > base::assign(".ptime", proc.time(), pos = "CheckExEnv") > ### Name: img2pal > ### Title: Create a Colour Palette from an Image > ### Aliases: img2pal > > ### ** Examples > > pal<-img2pal(path = "https://raw.githubusercontent.com/AlanInglis/colouR/master/images/bender.png", + n = 10, + avgCols = TRUE, + exclude = TRUE, + n_clusters = 15, + customExclude = NULL) Error in png::readPNG(tf) : file is not in PNG format Calls: img2pal Execution halted Flavor: r-patched-linux-x86_64