Last updated on 2022-06-30 01:49:06 CEST.
Flavor | Version | Tinstall | Tcheck | Ttotal | Status | Flags |
---|---|---|---|---|---|---|
r-devel-linux-x86_64-debian-clang | 0.7.0 | 6.30 | 51.14 | 57.44 | NOTE | |
r-devel-linux-x86_64-debian-gcc | 0.7.0 | 4.72 | 41.15 | 45.87 | NOTE | |
r-devel-linux-x86_64-fedora-clang | 0.7.0 | 78.56 | NOTE | |||
r-devel-linux-x86_64-fedora-gcc | 0.7.0 | 79.33 | NOTE | |||
r-devel-windows-x86_64 | 0.7.0 | 98.00 | 80.00 | 178.00 | NOTE | |
r-patched-linux-x86_64 | 0.7.0 | 5.31 | 50.20 | 55.51 | OK | |
r-release-linux-x86_64 | 0.7.0 | 5.00 | 50.38 | 55.38 | OK | |
r-release-macos-arm64 | 0.7.0 | 24.00 | NOTE | |||
r-release-macos-x86_64 | 0.7.0 | 45.00 | NOTE | |||
r-release-windows-x86_64 | 0.7.0 | 71.00 | 86.00 | 157.00 | OK | |
r-oldrel-macos-arm64 | 0.7.0 | 29.00 | NOTE | |||
r-oldrel-macos-x86_64 | 0.7.0 | 51.00 | NOTE | |||
r-oldrel-windows-ix86+x86_64 | 0.7.0 | 16.00 | 74.00 | 90.00 | OK |
Version: 0.7.0
Check: Rd files
Result: NOTE
checkRd: (-1) sumboxdata.Rd:12: Escaped LaTeX specials: \$ \$ \$
checkRd: (-1) sumboxmktCnt.Rd:10: Escaped LaTeX specials: \$ \$ \$
Flavors: r-devel-linux-x86_64-debian-clang, r-devel-linux-x86_64-debian-gcc, r-devel-linux-x86_64-fedora-clang, r-devel-linux-x86_64-fedora-gcc, r-devel-windows-x86_64
Version: 0.7.0
Check: dependencies in R code
Result: NOTE
Namespace in Imports field not imported from: ‘ggplot2’
All declared Imports should be used.
Flavors: r-devel-linux-x86_64-fedora-clang, r-devel-linux-x86_64-fedora-gcc, r-release-macos-arm64, r-release-macos-x86_64, r-oldrel-macos-arm64, r-oldrel-macos-x86_64