CRAN Package Check Results for Package concurve

Last updated on 2021-12-04 12:58:39 CET.

Flavor Version Tinstall Tcheck Ttotal Status Flags
r-devel-linux-x86_64-debian-clang 2.7.7 15.07 162.13 177.20 NOTE
r-devel-linux-x86_64-debian-gcc 2.7.7 11.31 121.69 133.00 NOTE
r-devel-linux-x86_64-fedora-clang 2.7.7 211.88 NOTE
r-devel-linux-x86_64-fedora-gcc 2.7.7 209.35 NOTE
r-devel-windows-x86_64-new-UL 2.7.7 30.00 198.00 228.00 NOTE
r-devel-windows-x86_64-new-TK 2.7.7 NOTE
r-devel-windows-x86_64-old 2.7.7 22.00 143.00 165.00 NOTE
r-patched-linux-x86_64 2.7.7 14.11 145.29 159.40 NOTE
r-release-linux-x86_64 2.7.7 13.73 145.02 158.75 NOTE
r-release-macos-arm64 2.7.7 NOTE
r-release-macos-x86_64 2.7.7 NOTE
r-release-windows-ix86+x86_64 2.7.7 31.00 181.00 212.00 NOTE
r-oldrel-macos-x86_64 2.7.7 OK
r-oldrel-windows-ix86+x86_64 2.7.7 36.00 184.00 220.00 OK

Check Details

Version: 2.7.7
Check: LazyData
Result: NOTE
     'LazyData' is specified without a 'data' directory
Flavors: r-devel-linux-x86_64-debian-clang, r-devel-linux-x86_64-debian-gcc, r-devel-linux-x86_64-fedora-clang, r-devel-linux-x86_64-fedora-gcc, r-devel-windows-x86_64-new-UL, r-devel-windows-x86_64-new-TK, r-devel-windows-x86_64-old, r-patched-linux-x86_64, r-release-linux-x86_64, r-release-macos-arm64, r-release-macos-x86_64, r-release-windows-ix86+x86_64

Version: 2.7.7
Check: Rd cross-references
Result: NOTE
    Undeclared package ‘rlang’ in Rd xrefs
Flavor: r-devel-linux-x86_64-fedora-clang