Last updated on 2022-05-17 09:52:29 CEST.
Flavor | Version | Tinstall | Tcheck | Ttotal | Status | Flags |
---|---|---|---|---|---|---|
r-devel-linux-x86_64-debian-clang | 0.0.2 | 9.28 | 85.78 | 95.06 | NOTE | |
r-devel-linux-x86_64-debian-gcc | 0.0.2 | 6.73 | 65.27 | 72.00 | NOTE | |
r-devel-linux-x86_64-fedora-clang | 0.0.2 | 111.38 | NOTE | |||
r-devel-linux-x86_64-fedora-gcc | 0.0.2 | 108.88 | NOTE | |||
r-devel-windows-x86_64 | 0.0.2 | 24.00 | 101.00 | 125.00 | NOTE | |
r-patched-linux-x86_64 | 0.0.2 | 8.44 | 81.79 | 90.23 | NOTE | |
r-release-linux-x86_64 | 0.0.2 | 8.25 | 82.40 | 90.65 | NOTE | |
r-release-macos-arm64 | 0.0.2 | 33.00 | NOTE | |||
r-release-macos-x86_64 | 0.0.2 | 48.00 | NOTE | |||
r-release-windows-x86_64 | 0.0.2 | 25.00 | 106.00 | 131.00 | NOTE | |
r-oldrel-macos-arm64 | 0.0.2 | 35.00 | NOTE | |||
r-oldrel-macos-x86_64 | 0.0.2 | 68.00 | NOTE | |||
r-oldrel-windows-ix86+x86_64 | 0.0.2 | 21.00 | 96.00 | 117.00 | NOTE |
Version: 0.0.2
Check: LazyData
Result: NOTE
'LazyData' is specified without a 'data' directory
Flavors: r-devel-linux-x86_64-debian-clang, r-devel-linux-x86_64-debian-gcc, r-devel-linux-x86_64-fedora-clang, r-devel-linux-x86_64-fedora-gcc, r-devel-windows-x86_64, r-patched-linux-x86_64, r-release-linux-x86_64, r-release-macos-arm64, r-release-macos-x86_64, r-release-windows-x86_64, r-oldrel-macos-arm64, r-oldrel-macos-x86_64, r-oldrel-windows-ix86+x86_64
Version: 0.0.2
Check: Rd cross-references
Result: NOTE
Undeclared package ‘mvtnorm’ in Rd xrefs
Flavor: r-devel-linux-x86_64-fedora-clang