CRAN Package Check Results for Package condformat

Last updated on 2022-05-17 17:50:58 CEST.

Flavor Version Tinstall Tcheck Ttotal Status Flags
r-devel-linux-x86_64-debian-clang 0.9.0 5.54 72.85 78.39 NOTE
r-devel-linux-x86_64-debian-gcc 0.9.0 4.69 54.04 58.73 NOTE
r-devel-linux-x86_64-fedora-clang 0.9.0 91.86 NOTE
r-devel-linux-x86_64-fedora-gcc 0.9.0 89.80 NOTE
r-devel-windows-x86_64 0.9.0 52.00 98.00 150.00 NOTE
r-patched-linux-x86_64 0.9.0 5.70 69.32 75.02 NOTE
r-release-linux-x86_64 0.9.0 5.17 69.71 74.88 NOTE
r-release-macos-arm64 0.9.0 27.00 NOTE
r-release-macos-x86_64 0.9.0 53.00 NOTE
r-release-windows-x86_64 0.9.0 50.00 99.00 149.00 NOTE
r-oldrel-macos-arm64 0.9.0 34.00 NOTE
r-oldrel-macos-x86_64 0.9.0 52.00 NOTE
r-oldrel-windows-ix86+x86_64 0.9.0 13.00 86.00 99.00 NOTE

Check Details

Version: 0.9.0
Check: LazyData
Result: NOTE
     'LazyData' is specified without a 'data' directory
Flavors: r-devel-linux-x86_64-debian-clang, r-devel-linux-x86_64-debian-gcc, r-devel-linux-x86_64-fedora-clang, r-devel-linux-x86_64-fedora-gcc, r-devel-windows-x86_64, r-patched-linux-x86_64, r-release-linux-x86_64, r-release-macos-arm64, r-release-macos-x86_64, r-release-windows-x86_64, r-oldrel-macos-arm64, r-oldrel-macos-x86_64, r-oldrel-windows-ix86+x86_64