CRAN Package Check Results for Package condir

Last updated on 2022-01-28 23:00:30 CET.

Flavor Version Tinstall Tcheck Ttotal Status Flags
r-devel-linux-x86_64-debian-clang 0.1.3 2.65 47.84 50.49 NOTE
r-devel-linux-x86_64-debian-gcc 0.1.3 2.21 36.76 38.97 NOTE
r-devel-linux-x86_64-fedora-clang 0.1.3 61.21 NOTE
r-devel-linux-x86_64-fedora-gcc 0.1.3 50.63 NOTE
r-devel-windows-x86_64-new-UL 0.1.3 24.00 73.00 97.00 NOTE
r-devel-windows-x86_64-new-TK 0.1.3 NOTE
r-patched-linux-x86_64 0.1.3 3.23 44.83 48.06 NOTE
r-release-linux-x86_64 0.1.3 2.90 43.51 46.41 NOTE
r-release-macos-arm64 0.1.3 NOTE
r-release-macos-x86_64 0.1.3 NOTE
r-release-windows-ix86+x86_64 0.1.3 7.00 56.00 63.00 NOTE
r-oldrel-macos-x86_64 0.1.3 OK
r-oldrel-windows-ix86+x86_64 0.1.3 7.00 57.00 64.00 OK

Check Details

Version: 0.1.3
Check: LazyData
Result: NOTE
     'LazyData' is specified without a 'data' directory
Flavors: r-devel-linux-x86_64-debian-clang, r-devel-linux-x86_64-debian-gcc, r-devel-linux-x86_64-fedora-clang, r-devel-linux-x86_64-fedora-gcc, r-devel-windows-x86_64-new-UL, r-devel-windows-x86_64-new-TK, r-patched-linux-x86_64, r-release-linux-x86_64, r-release-macos-arm64, r-release-macos-x86_64, r-release-windows-ix86+x86_64