Last updated on 2022-05-22 08:54:29 CEST.
Flavor | Version | Tinstall | Tcheck | Ttotal | Status | Flags |
---|---|---|---|---|---|---|
r-devel-linux-x86_64-debian-clang | 1.0.4 | 7.04 | 75.28 | 82.32 | OK | |
r-devel-linux-x86_64-debian-gcc | 1.0.4 | 5.92 | 56.18 | 62.10 | OK | |
r-devel-linux-x86_64-fedora-clang | 1.0.4 | 103.06 | NOTE | |||
r-devel-linux-x86_64-fedora-gcc | 1.0.4 | 95.13 | NOTE | |||
r-devel-windows-x86_64 | 1.0.4 | 23.00 | 92.00 | 115.00 | OK | |
r-patched-linux-x86_64 | 1.0.4 | 5.26 | 71.66 | 76.92 | OK | |
r-release-linux-x86_64 | 1.0.4 | 6.44 | 70.56 | 77.00 | OK | |
r-release-macos-arm64 | 1.0.4 | 29.00 | NOTE | |||
r-release-macos-x86_64 | 1.0.4 | 67.00 | NOTE | |||
r-release-windows-x86_64 | 1.0.4 | 19.00 | 87.00 | 106.00 | OK | |
r-oldrel-macos-arm64 | 1.0.4 | 30.00 | NOTE | |||
r-oldrel-macos-x86_64 | 1.0.4 | 38.00 | NOTE | |||
r-oldrel-windows-ix86+x86_64 | 1.0.4 | 19.00 | 83.00 | 102.00 | OK |
Version: 1.0.4
Check: dependencies in R code
Result: NOTE
Namespaces in Imports field not imported from:
‘scales’ ‘sna’
All declared Imports should be used.
Flavors: r-devel-linux-x86_64-fedora-clang, r-devel-linux-x86_64-fedora-gcc, r-release-macos-arm64, r-release-macos-x86_64, r-oldrel-macos-arm64, r-oldrel-macos-x86_64
Version: 1.0.4
Check: data for non-ASCII characters
Result: NOTE
Note: found 244 marked UTF-8 strings
Flavors: r-devel-linux-x86_64-fedora-clang, r-devel-linux-x86_64-fedora-gcc, r-release-macos-arm64, r-release-macos-x86_64, r-oldrel-macos-arm64, r-oldrel-macos-x86_64