CRAN Package Check Results for Package contribution

Last updated on 2022-05-16 16:52:10 CEST.

Flavor Version Tinstall Tcheck Ttotal Status Flags
r-devel-linux-x86_64-debian-clang 0.2.2 5.23 65.76 70.99 OK
r-devel-linux-x86_64-debian-gcc 0.2.2 4.27 49.09 53.36 OK
r-devel-linux-x86_64-fedora-clang 0.2.2 83.93 NOTE
r-devel-linux-x86_64-fedora-gcc 0.2.2 81.61 NOTE
r-devel-windows-x86_64 0.2.2 31.00 94.00 125.00 OK
r-patched-linux-x86_64 0.2.2 4.73 62.75 67.48 OK
r-release-linux-x86_64 0.2.2 5.76 61.39 67.15 OK
r-release-macos-arm64 0.2.2 30.00 NOTE
r-release-macos-x86_64 0.2.2 55.00 NOTE
r-release-windows-x86_64 0.2.2 29.00 87.00 116.00 OK
r-oldrel-macos-arm64 0.2.2 28.00 NOTE
r-oldrel-macos-x86_64 0.2.2 37.00 NOTE
r-oldrel-windows-ix86+x86_64 0.2.2 16.00 82.00 98.00 OK

Check Details

Version: 0.2.2
Check: data for non-ASCII characters
Result: NOTE
     Note: found 3 marked UTF-8 strings
Flavors: r-devel-linux-x86_64-fedora-clang, r-devel-linux-x86_64-fedora-gcc, r-release-macos-arm64, r-release-macos-x86_64, r-oldrel-macos-arm64, r-oldrel-macos-x86_64