CRAN Package Check Results for Package convey

Last updated on 2022-05-17 11:49:36 CEST.

Flavor Version Tinstall Tcheck Ttotal Status Flags
r-devel-linux-x86_64-debian-clang 0.2.5 14.95 209.21 224.16 OK
r-devel-linux-x86_64-debian-gcc 0.2.5 13.59 160.26 173.85 OK
r-devel-linux-x86_64-fedora-clang 0.2.5 263.22 OK
r-devel-linux-x86_64-fedora-gcc 0.2.5 261.86 OK
r-devel-windows-x86_64 0.2.5 33.00 242.00 275.00 OK
r-patched-linux-x86_64 0.2.5 19.74 198.53 218.27 OK
r-release-linux-x86_64 0.2.5 13.34 200.62 213.96 OK
r-release-macos-arm64 0.2.5 70.00 OK
r-release-macos-x86_64 0.2.5 114.00 OK
r-release-windows-x86_64 0.2.5 38.00 251.00 289.00 OK
r-oldrel-macos-arm64 0.2.4 74.00 NOTE
r-oldrel-macos-x86_64 0.2.4 100.00 OK
r-oldrel-windows-ix86+x86_64 0.2.4 18.00 180.00 198.00 OK

Check Details

Version: 0.2.4
Check: package dependencies
Result: NOTE
    Package suggested but not available for checking: ‘RODBC’
Flavor: r-oldrel-macos-arm64