Last updated on 2022-05-18 01:49:49 CEST.
Flavor | Version | Tinstall | Tcheck | Ttotal | Status | Flags |
---|---|---|---|---|---|---|
r-devel-linux-x86_64-debian-clang | 1.4.3 | 13.22 | 116.59 | 129.81 | NOTE | |
r-devel-linux-x86_64-debian-gcc | 1.4.3 | 11.15 | 87.97 | 99.12 | NOTE | |
r-devel-linux-x86_64-fedora-clang | 1.4.3 | 153.00 | NOTE | |||
r-devel-linux-x86_64-fedora-gcc | 1.4.3 | 151.92 | NOTE | |||
r-devel-windows-x86_64 | 1.4.3 | 45.00 | 133.00 | 178.00 | NOTE | |
r-patched-linux-x86_64 | 1.4.3 | 12.92 | 110.03 | 122.95 | NOTE | |
r-release-linux-x86_64 | 1.4.3 | 10.60 | 109.68 | 120.28 | NOTE | |
r-release-macos-arm64 | 1.4.3 | 44.00 | NOTE | |||
r-release-macos-x86_64 | 1.4.3 | 58.00 | NOTE | |||
r-release-windows-x86_64 | 1.4.3 | 64.00 | 126.00 | 190.00 | NOTE | |
r-oldrel-macos-arm64 | 1.4.3 | 49.00 | NOTE | |||
r-oldrel-macos-x86_64 | 1.4.3 | 86.00 | NOTE | |||
r-oldrel-windows-ix86+x86_64 | 1.4.3 | 30.00 | 124.00 | 154.00 | OK |
Version: 1.4.3
Check: package dependencies
Result: NOTE
Package suggested but not available for checking: 'cec2005benchmark'
Flavors: r-devel-linux-x86_64-debian-clang, r-devel-linux-x86_64-debian-gcc, r-devel-linux-x86_64-fedora-clang, r-devel-linux-x86_64-fedora-gcc, r-devel-windows-x86_64, r-patched-linux-x86_64, r-release-linux-x86_64, r-release-macos-arm64, r-release-macos-x86_64, r-release-windows-x86_64, r-oldrel-macos-arm64, r-oldrel-macos-x86_64