CRAN Package Check Results for Package corregp

Last updated on 2022-05-27 04:56:35 CEST.

Flavor Version Tinstall Tcheck Ttotal Status Flags
r-devel-linux-x86_64-debian-clang 2.0.2 7.22 82.33 89.55 OK
r-devel-linux-x86_64-debian-gcc 2.0.2 6.16 61.12 67.28 OK
r-devel-linux-x86_64-fedora-clang 2.0.2 104.67 NOTE
r-devel-linux-x86_64-fedora-gcc 2.0.2 100.25 NOTE
r-devel-windows-x86_64 2.0.2 18.00 102.00 120.00 OK
r-patched-linux-x86_64 2.0.2 6.47 75.21 81.68 OK
r-release-linux-x86_64 2.0.2 8.71 76.12 84.83 OK
r-release-macos-arm64 2.0.2 34.00 NOTE
r-release-macos-x86_64 2.0.2 42.00 NOTE
r-release-windows-x86_64 2.0.2 28.00 107.00 135.00 OK
r-oldrel-macos-arm64 2.0.2 48.00 NOTE
r-oldrel-macos-x86_64 2.0.2 59.00 NOTE
r-oldrel-windows-ix86+x86_64 2.0.2 17.00 95.00 112.00 OK

Check Details

Version: 2.0.2
Check: data for non-ASCII characters
Result: NOTE
     Note: found 2 marked Latin-1 strings
Flavors: r-devel-linux-x86_64-fedora-clang, r-devel-linux-x86_64-fedora-gcc, r-release-macos-arm64, r-release-macos-x86_64, r-oldrel-macos-arm64, r-oldrel-macos-x86_64