CRAN Package Check Results for Package covBM

Last updated on 2022-05-17 20:51:16 CEST.

Flavor Version Tinstall Tcheck Ttotal Status Flags
r-devel-linux-x86_64-debian-clang 0.1.0 3.83 64.46 68.29 OK
r-devel-linux-x86_64-debian-gcc 0.1.0 2.79 51.20 53.99 OK
r-devel-linux-x86_64-fedora-clang 0.1.0 84.45 NOTE
r-devel-linux-x86_64-fedora-gcc 0.1.0 81.16 NOTE
r-devel-windows-x86_64 0.1.0 21.00 110.00 131.00 OK
r-patched-linux-x86_64 0.1.0 3.82 63.69 67.51 OK
r-release-linux-x86_64 0.1.0 3.00 64.27 67.27 OK
r-release-macos-arm64 0.1.0 32.00 OK
r-release-macos-x86_64 0.1.0 43.00 OK
r-release-windows-x86_64 0.1.0 22.00 111.00 133.00 OK
r-oldrel-macos-arm64 0.1.0 42.00 OK
r-oldrel-macos-x86_64 0.1.0 63.00 OK
r-oldrel-windows-ix86+x86_64 0.1.0 9.00 101.00 110.00 OK

Check Details

Version: 0.1.0
Check: compiled code
Result: NOTE
    File ‘covBM/libs/covBM.so’:
     Found no calls to: ‘R_registerRoutines’, ‘R_useDynamicSymbols’
    
    It is good practice to register native routines and to disable symbol
    search.
    
    See ‘Writing portable packages’ in the ‘Writing R Extensions’ manual.
Flavors: r-devel-linux-x86_64-fedora-clang, r-devel-linux-x86_64-fedora-gcc